t i be -24 - 37498 - (-1 - 2 - -1). What are the prime factors of ((-6)/4)/(84/i)?
2, 5, 67
Suppose -3*n = -n - 4. Suppose 3*j = -n*l + 4, -5*l = -0*l - j - 10. Suppose 3*r - h = 3*h + 87, l*r - 3*h = 58. What are the prime factors of r?
29
Let s = 4412 + 7244. What are the prime factors of s?
2, 31, 47
Suppose -j + 7326 = -7*j. Let q = j - -1988. List the prime factors of q.
13, 59
Let k = 56 - 40. Suppose -5*f - k = -2*w + 4, -4*w - 5*f + 40 = 0. Suppose -w = -s - 8. What are the prime factors of s?
2
Suppose -5*k = 0, -14*k + 9 = a - 16*k - 257. List the prime factors of a.
2, 7, 19
Suppose 4*d - 5*r - 7420 = -2*r, 0 = -3*d + 2*r + 5564. Let s be d/(-14) + 40/140. Let k = -64 - s. List the prime factors of k.
2, 17
Suppose -3*x - 2278 = -4*r, -11*r + 3*x + 1130 = -9*r. List the prime factors of r.
2, 7, 41
Let f be 38/(-114) - (-10)/3. Suppose f*v - 290 = -56. List the prime factors of v.
2, 3, 13
Let t(m) = 6*m**2 - 3*m - 3. Let h be (-2)/7 - (-108)/(-14). Let k be t(h). Suppose -3*o - 3*w + 273 = 0, -5*o + 9*w + k = 4*w. What are the prime factors of o?
2, 43
Suppose j + 3271 = 5*g - 3*j, 5*g - j = 3274. Let b = -363 + g. What are the prime factors of b?
2, 73
Let f be (4/5)/(-8 + (-126)/(-15)). List the prime factors of (-1 + 1 - f) + -4 + 108.
2, 3, 17
Let f(l) = -4*l**2 - 8*l - 2. Let p(m) = -5*m**2 - 9*m - 2. Let s(z) = 3*f(z) - 2*p(z). Let x be s(-5). List the prime factors of (-2)/((4 - (6 - 3))/x).
2, 11
Let m(w) = -w - 8*w - 10 + w**2 - 20 + 3*w. What are the prime factors of m(18)?
2, 3, 31
Let x(i) = 3167*i**2 - 11*i + 7. List the prime factors of x(2).
12653
Let n = 12481 + -4962. Suppose -12*s + 5357 = -n. List the prime factors of s.
29, 37
Let d = -3971 - -11512. What are the prime factors of d?
7541
Suppose -7*s + 5840 = -1006. Let f = s - 625. What are the prime factors of f?
353
Suppose 292*w = 303*w. What are the prime factors of ((w - -1)/(-1))/((-48)/36048)?
751
List the prime factors of (-20868)/(-2) - 1/(-1).
5, 2087
Let k(a) = -64*a - 386. Let b be k(-6). What are the prime factors of -38*(b/2 - 0)*30?
2, 3, 5, 19
Let y(z) = -9*z - 379. Let n be y(-45). List the prime factors of 1012 - ((-39)/n)/((-6)/(-20)).
3, 113
Let b(o) be the first derivative of -o**3/3 + 16*o**2 + 48*o + 153. What are the prime factors of b(27)?
3, 61
Suppose -25 = -5*w + 25. Suppose 4*o - w = 2*o. Suppose 0 = -r + o + 9. List the prime factors of r.
2, 7
Suppose 2096 = 36*a + 692. Suppose -a*h + 19*h + 25340 = 0. List the prime factors of h.
7, 181
Suppose -4*f + 30 = 2*f. Suppose 2*o = -4*n + 4*o - 106, -2*o = f*n + 110. What are the prime factors of n/(-3 - 51/(-18))?
2, 3
Let m(z) = 108*z + 4. Suppose 5*o - 4*j = 21, 5*j + 2 = -5*o - 13. What are the prime factors of m(o)?
2, 7
Suppose -7*j + 5*c = -411070, 19*c - 20*c = -3*j + 176174. What are the prime factors of j?
3, 5, 29
Suppose -131*d + 119*d + 48948 = 0. What are the prime factors of d?
4079
Suppose 121*a = 218354 + 988500. What are the prime factors of a?
2, 4987
Let p(g) = 123*g**3 + g**2 + 4*g - 17. List the prime factors of p(3).
5, 7, 19
What are the prime factors of (272 + 2 + -1)*(2364/36 + -20)?
7, 13, 137
Suppose 6*p = -669 + 681. Suppose -528 - 3996 = -3*j + p*y, 3026 = 2*j + 2*y. What are the prime factors of j?
2, 5, 151
Let y = -36 + 80. Suppose 0 = -47*u + y*u + 21. Let r(s) = 3*s**2 + 11*s + 4. What are the prime factors of r(u)?
2, 3, 19
Let n(g) = g**2 + 30*g - 708. What are the prime factors of n(-67)?
7, 11, 23
Suppose 0 = -4*l + 2*l - 3*u - 230, 2*u = 8. Let k = -79 - l. Suppose 2*x = 2*v - 44, 5*v - x - k = 88. What are the prime factors of v?
3
Let m be (-8)/20 + (-244)/(-10). Let n = m + 200. List the prime factors of n.
2, 7
Let x = -18714 + 22616. What are the prime factors of x?
2, 1951
Let z = -40836 - -60229. List the prime factors of z.
11, 41, 43
What are the prime factors of ((-95526230)/629)/(10/8*-2)?
2, 15187
Let v(k) = 31*k + 192*k + 12 + 63*k. What are the prime factors of v(2)?
2, 73
What are the prime factors of -16 - (-33681 - (-460)/(-23))?
5, 6737
Suppose -144 = 2*k - 108. List the prime factors of (-532 - 1 - 4)/(k/24).
2, 179
Suppose 3*r - 4*f - 318 = 235, f + 1 = 0. Suppose -a + 2*w + r = -518, 8 = -4*w. What are the prime factors of a?
17, 41
Let h = -14 - 24. Let z be h/9 - 2/(-9). Let q(l) = 2*l**2 + 2*l + 4. What are the prime factors of q(z)?
2, 7
Let w(a) = -6*a + 5*a - 16*a - 2. List the prime factors of w(-5).
83
Suppose -2*l = -2*p + 107772, -5*l = -8*p + 5*p + 161642. List the prime factors of p.
2, 26947
Let v(o) = 20*o - 35. Let d be v(8). Let k = d + 159. List the prime factors of k.
2, 71
Let t(g) be the second derivative of 373*g**4/6 + 7*g**3/6 + 9*g**2/2 + 51*g. List the prime factors of t(-1).
2, 11, 17
Let x(q) = -q**3 - 47*q**2 - 4*q + 137. Suppose 438 + 1019 = -31*g. List the prime factors of x(g).
5, 13
Let l(y) be the first derivative of 7*y**5/30 + 7*y**3/6 - 3*y**2 + 11. Let b(v) be the second derivative of l(v). List the prime factors of b(3).
7, 19
Let i(a) = 4*a**2 - 11*a - 23. Let p(u) = 10*u**2. Suppose -3*k - 2*f = 14 - 5, -2*f = -k + 5. Let n be p(k). What are the prime factors of i(n)?
3, 89
Let i(o) = -276*o**2 - o + 1. Let d be i(1). Let g be 0 - (-3 - 0) - d. Let m = 409 - g. What are the prime factors of m?
2, 5, 13
Let s(r) = r**3 + 33*r**2 - 26*r + 76. Let q be s(-24). Suppose 6*z - q = -118. What are the prime factors of z?
31
What are the prime factors of 23742 - (1/5 + 31/(-155))/1?
2, 3, 1319
Let i(l) = -l**2 + 4*l - 4. Let y be i(2). Let f be (1 - y)/(1/4). Suppose -46 = -f*z + 214. What are the prime factors of z?
5, 13
What are the prime factors of 0/(-2) + (13534 - (8 + 10))?
2, 31, 109
Let i(b) = -b**3 - 24*b**2 - 93*b + 27. Suppose -61 - 107 = 8*q. List the prime factors of i(q).
3, 73
Let i(z) = 934*z + 2072. List the prime factors of i(12).
2, 5, 83
Let i(c) = c**3 - 14*c**2 + 2*c - 21. Let z be i(14). What are the prime factors of 39*((-8)/4)/((-6)/z)?
7, 13
Let z = 3789 - -7339. Suppose 44*f = 18*f + z. List the prime factors of f.
2, 107
List the prime factors of (16/(-48))/((-3)/149202).
2, 3, 307
Suppose 4*f = 3*f + 8, 14913 = 5*q - 4*f. List the prime factors of q.
7, 61
Let k(p) = 10491*p**2 + 364*p + 363. What are the prime factors of k(-1)?
2, 5, 1049
Let q be 4/18 - (-3141)/81. Let f = q - 32. Let n = 192 - f. List the prime factors of n.
5, 37
Let f = 155 - 126. Suppose 0 = -24*x + f*x - 5195. What are the prime factors of x?
1039
Let k be (2/(-5))/(-6 - 42745/(-7125)). Let d = k - 26. What are the prime factors of d?
2, 17
Let m be -1 + (-9 - -57) + -2. Let k = 24 + -16. Suppose -k*p - p + m = 0. List the prime factors of p.
5
Let y be 14/(-28)*-2 + -391*1. Let j = 595 + y. List the prime factors of j.
5, 41
Suppose -s - n = -360, -5*n - 306 = 3*s - 1390. List the prime factors of s/9 - (40/(-18) - -2).
2, 5
Let k be ((-472)/10)/(10/(-125)). Suppose -4*i + 765 = -3*y, -4*i - y + k = -i. List the prime factors of i.
3, 5, 13
Let k = 462 - 460. Suppose n - 3456 = -n + 4*t, -3*n = k*t - 5192. What are the prime factors of n?
2, 5, 173
Let s(f) = 170*f + 167. Let h(q) = -85*q - 83. Let g(i) = 11*h(i) + 6*s(i). List the prime factors of g(7).
2, 3, 19
Suppose 0 = -4*s - 4*m + 12388, -s + 9*m + 3085 = 4*m. Suppose 0 = -4*o - 3*c + s, 0 = -3*o - 4*c + 1443 + 873. What are the prime factors of o?
2, 97
Suppose 12 = -u + 5*u. Suppose 1550 = -5*i + 4*l, u*i + l + 149 = -781. Let f = i - -439. What are the prime factors of f?
3, 43
Suppose -5*z - 10 = -3*f, 0 = 4*f - f - 2*z - 4. Suppose 3*v + 4*d - 932 - 976 = f, -v + 5*d + 655 = 0. List the prime factors of v.
2, 5
Let d be (1/(-3))/((-1)/12) + -2. What are the prime factors of 4 - (-24)/d*(-166)/(-8)?
11, 23
Let b be (-16)/48 - 811/(-3). Let u be 3/(-8) + b/80. Suppose u*r - 257 - 166 = 0. What are the prime factors of r?
3, 47
Let i = -19925 - -34985. List the prime factors of i.
2, 3, 5, 251
Let r(h) = -61*h - 1952. What are the prime factors of r(-43)?
11, 61
Suppose 5*h = -2*b + 98320, -8*b + 13*b = 4*h - 78689. List the prime factors of h.
2, 9833
Let j(c) = -10*c**2 - 13*c - 66. Let d be j(17). Let t = d - -4898. List the prime factors of t.
1721
Let d be (444/(-9))/((8/6)/(-4)). Suppose 22 = -o + d. List the prime factors